Let g(m) = -m - 7. Let r be g(f). List the prime factors of r + 4 + -5 + 21.
19
Let o(h) = -22*h**3 - h**2 + 2*h - 2. Let p be o(1). Let b = p + 27. Suppose i - 19 = -b*u + u, 36 = 4*u - 4*i. List the prime factors of u.
7
Suppose v = -17*o + 14*o + 291, -4*v + 3*o = -1089. List the prime factors of v.
2, 3, 23
Suppose -2*y = -5 + 1. Suppose -m = y*m. Suppose m*z - 115 = -5*z. List the prime factors of z.
23
Suppose -2*j = -6627 + 1751. What are the prime factors of j?
2, 23, 53
Let h(b) = 1031*b - 35. List the prime factors of h(2).
2027
Suppose 5*n + 4*a = 3669, 13*n - 3*a + 2199 = 16*n. What are the prime factors of n?
11, 67
Suppose 3*f - 5*w - 707 = 0, w = 4*f - 296 - 624. List the prime factors of f.
229
Suppose -2*s + 86 + 64 = 0. Suppose 6*n - s = 369. List the prime factors of n.
2, 37
Suppose 0 = -b + 5*q + 12, 3*b + 2 = -5*q - 2. List the prime factors of (-6*b)/(2*(-5)/80).
2, 3
Suppose 21 = 4*i - m, -3*m - m = 4*i + 4. Suppose i*x - 4*h - 88 = 0, -3*x = 2*h - 3*h - 72. List the prime factors of x - 21 - (1 + -1).
2
Let r(o) = -o**2 - 27*o + 93. List the prime factors of r(-29).
5, 7
Suppose 0 = -674*k + 667*k + 18809. What are the prime factors of k?
2687
Let u(h) = -726*h - 433. What are the prime factors of u(-5)?
23, 139
Let a = 986 + -966. List the prime factors of a.
2, 5
Let w = 217 + 202. What are the prime factors of w?
419
Suppose 6566 + 3474 = 8*a. List the prime factors of a.
5, 251
Let m(u) = -4*u - 75. What are the prime factors of m(-21)?
3
Suppose 4*q = -4*t + 2024, -q = 3*t + 107 - 609. What are the prime factors of q?
2, 127
Suppose 24*y = 22*y + 212. Suppose -3*t = -t - y. What are the prime factors of t?
53
Let d = -420 + 729. List the prime factors of d.
3, 103
Let j = -18 + 22. Let k be ((-5)/j)/(8/(-64)). What are the prime factors of (63/15)/(2/k)?
3, 7
Let l(p) = -633*p**3 - 3*p**2 + 3. List the prime factors of l(-1).
3, 211
Suppose -1 - 2 = -m. Let v be (-200)/(-6) - m/9. Suppose 2*z - v = -z. List the prime factors of z.
11
Let v(o) = -99*o + 37. List the prime factors of v(-3).
2, 167
Suppose 208 = 5*d - 3*p, 2*p - 8 + 92 = 2*d. Let x = 62 + d. List the prime factors of x.
103
Let y = -705 - -1456. List the prime factors of y.
751
Suppose -4*k - 2901 = -7*k. Suppose 0 = 2*c - 10, c + c - k = -3*u. Suppose -5*l = 3*b - u, -3*b = l - 3*l + 136. What are the prime factors of l?
5, 13
Suppose -21 = f - 77. Suppose 0 = -b + 5*c + f, -4*b - 5*c = -2*c - 201. List the prime factors of b.
3, 17
Suppose 15 = 7*t - 2*t, 0 = -i + 4*t + 17. Suppose -i = -4*d - 9. What are the prime factors of d?
5
Let v(j) = -j**2 + 11*j - 13. Let r be v(9). Suppose -r*d + y = -3*d - 9, 3*y - 15 = 0. List the prime factors of d.
7
Let q(a) = -a**2 + 16*a - 8. Let m = 57 - 50. What are the prime factors of q(m)?
5, 11
Suppose 12*b + 696 = 15*b. Let z = b - 163. What are the prime factors of z?
3, 23
Let b be 495 - -4*(-4)/16. Suppose i + 3*k = 171 + 73, 2*i - b = -3*k. Suppose 3*x - 3*p = p + 150, -2*p = -5*x + i. List the prime factors of x.
2, 5
Let v(z) = z**2 + 4*z + 3. Let h be v(0). Suppose 0 = -h*d - 3*o + 70 + 386, 4*d - 4*o = 584. List the prime factors of d.
149
Suppose 4*r - 27 = -5*d, -2*d - 2*d + 15 = r. Suppose d = 2*y + 1. List the prime factors of (y + 3/2)*10.
5
Let h = 5139 - 920. List the prime factors of h.
4219
Suppose 6*v = v - 3*z + 9, -3*v + 11 = -z. Let r = v + 0. What are the prime factors of (-75)/(9/r)*-1?
5
Let t(u) = -2*u**2 - 11*u - 4. Let h be t(-7). Suppose -348 = -5*j + 22. Let i = j + h. List the prime factors of i.
7
Let b(c) = 3*c**2 - 4. Let t be b(3). Suppose 5*h - 2*x = 32, -x = 4*h - 0*x - t. Suppose -h*r + 87 = -3*r. What are the prime factors of r?
29
Suppose 57*j + 2264 = 61*j. List the prime factors of j.
2, 283
Let d(c) = 9 + 10*c**2 - 19*c**2 - 2*c**3 + 5*c**2. What are the prime factors of d(-3)?
3
Let z = -639 + 1186. What are the prime factors of z?
547
What are the prime factors of 3/6 - 15015/(-26)?
2, 17
Let t be (-2)/(-5) - 154/10. Let j = t - -12. List the prime factors of (j/9)/((-1)/81).
3
Suppose -x = -7*x + 7158. Suppose -15*v + x = 338. List the prime factors of v.
3, 19
Let g be -2*((-3)/6 + -2). What are the prime factors of (-8)/(-10) - (-46)/g?
2, 5
Suppose -3*n + 20 = 2*n. Suppose 0 = 5*t - 11 - n. Suppose 0 = t*q - 0*q - 111. List the prime factors of q.
37
Suppose 0 = 5*l + 10, -6*l = 2*x - 4*l - 5432. List the prime factors of x.
2, 3, 151
Let h(f) = -3*f. Let m(o) = -o**3 + 3*o - 2. Let b be m(2). Let t(d) = -3*d - 1. Let l(g) = b*h(g) + 3*t(g). List the prime factors of l(7).
2, 3
Suppose -3*n - 3*x + 13671 = 0, -118*x = 5*n - 117*x - 22777. List the prime factors of n.
5, 911
Let i(l) = l**2 - 13*l + 3. Let c be i(13). Suppose 78 = -2*o - 4*a, c*o - 5*a = -0*a - 117. List the prime factors of (6/18)/((-1)/o).
13
Suppose 33 + 9 = 14*k. Let r = -4 + 7. Suppose 4*m + r*a - 6 - 189 = 0, k*m + 4*a - 141 = 0. List the prime factors of m.
3, 17
Let n = 459 - 241. Suppose 0 = 4*v - 34 - n. List the prime factors of v.
3, 7
What are the prime factors of 9/33 - (-2750950)/550?
2, 41, 61
List the prime factors of (1 + -1 + 2)/(28/11410).
5, 163
Let g(n) = 3*n**2 + 9*n - 5. Let i = 4 + -8. Let j(k) = 4*k**2 + 8*k - 6. Let x(r) = i*j(r) + 5*g(r). What are the prime factors of x(9)?
5, 7
Suppose -77 = x + 2*o, -3*o = -4*x - 430 + 111. Let l(s) = s**3 + 5*s**2 - 5*s + 10. Let k be l(-7). Let f = k - x. What are the prime factors of f?
2, 13
Let x(s) = -51*s - 64. List the prime factors of x(-3).
89
Let w be 72/(-28)*(-28)/6. Suppose w + 60 = 3*z. Let y = z - -2. List the prime factors of y.
2, 13
Let m be -1 + 5/(20/8). Let t(v) = -11*v**3 + 1. Let s be t(m). Let z = 1 - s. List the prime factors of z.
11
Let s(h) = -h**3 - 5*h**2 - 15. Let x be s(-6). Let d(b) = b**3 - 22*b**2 + 31*b - 11. What are the prime factors of d(x)?
199
Let l(j) = -j**3 - 5*j**2 + 7*j + 6. Let r be l(-6). Suppose 2*d + d = -3, 5*a - d - 41 = r. Suppose 3*u = a*u - 90. List the prime factors of u.
2, 3
Let m = -554 + 357. Let z = -119 - m. What are the prime factors of z?
2, 3, 13
Let q be (5/(-2))/((-3)/12). List the prime factors of (408/q)/(8/60).
2, 3, 17
List the prime factors of 25965/(-18)*(-3)/(-15)*-2.
577
Let l = 11 - -1. Suppose -4*a - 11 = -q + l, 3*a + 92 = 4*q. What are the prime factors of q?
23
Suppose -230*l + 1583 = -229*l. What are the prime factors of l?
1583
Let n(x) = 178*x + 1174. List the prime factors of n(0).
2, 587
Suppose -4*d + 0*t = 2*t - 2774, -2*d + 4*t + 1402 = 0. List the prime factors of d.
5, 139
Suppose 2*k + 36 = 3*k. List the prime factors of k + 8*(-4)/(-8).
2, 5
Let p be -10*(2/4 + -1). Suppose -p*j + 5 + 14 = i, 2*i = j + 5. Suppose -2*v + 5*v = -6, j*r + v = 43. List the prime factors of r.
3, 5
Let w be 3/(-2)*(-4)/3. Let d(y) = -1 + 3*y**w - 6*y**2 - 9 + 2*y**2 - 8*y. What are the prime factors of d(-5)?
5
List the prime factors of 1541 - (32/(-7 - -15) + -5).
2, 3, 257
Let y = 13 + -9. What are the prime factors of 154/y - 4/(-8)?
3, 13
Let y(q) = -35*q + 10. Let z(p) = -18*p + 5. Let o(u) = 2*y(u) - 5*z(u). What are the prime factors of o(2)?
5, 7
Let j = 9 - 2. Suppose -4*c = -9 - j. List the prime factors of c.
2
Let j(l) = -954*l - 969. What are the prime factors of j(-6)?
3, 5, 317
Let d = 877 + -24. Suppose -4*f - 197 = -d. List the prime factors of f.
2, 41
Let f(q) = q**3 - q**2 + 2*q - 1. Let d be f(1). What are the prime factors of d/((-3)/(-9)) + 34?
37
Suppose -28*d - 8*d + 145620 = 0. What are the prime factors of d?
5, 809
Let d = 1108 - 664. List the prime factors of d.
2, 3, 37
Let c(u) = 1. Let i(o) = -9*o - 11. Let n(d) = 2*c(d) - i(d). Let q be n(6). Suppose -31 = -2*y + q. List the prime factors of y.
7
Suppose 5*b = -3*q + 51, 4*b - 2*q = 43 + 11. Let f = -19 + b. Let c(i) = i**2 + 6*i. What are the prime factors of c(f)?
7
Suppose -6*c + 24*c - 43182 = 0. List the prime factors of c.
2399
Suppose 5*i = -2*h - 0*i + 25, 0 = -h - 3*i + 15. Suppose z - r - 39 = h, 0 = -2*z - 5*r + 14 + 78. List the prime factors of z.
41
Let i = -3330 + 6027. What are the prime factors of i?
3, 29, 31
Suppose 6*t - 3*t = 63. Let y = t + -12. Let o(q) = q**2 - 6*q + 3. What are the prime factors of o(y)?
2, 3, 5
Suppose 195 + 53 = h. Let d = h + -375.